actor of o and 8.
4
Let c(s) = -1 + 0*s - s + 0*s + 4*s + s**2. Let p be c(-3). Let z be 262/2 - (p + 0). What is the greatest common divisor of 12 and z?
12
Let p = 29 - 26. What is the highest common factor of p and 33?
3
Let d = 74 - 34. What is the highest common factor of 20 and d?
20
Suppose 238 = g + g. Suppose k - 23 = -4*n, 0*n + 53 = k - 2*n. Suppose 0 = 4*a - 25 - k. What is the greatest common factor of g and a?
17
Let y = 29 - -7. What is the greatest common divisor of 4 and y?
4
Let s = 0 - -8. Let x(p) = 0 - 5 - 11*p + 3. Let i be x(-6). Calculate the highest common divisor of s and i.
8
Let t be 4/10 + (-3114)/(-90). What is the highest common factor of 5 and t?
5
Let w(b) = b + 7. Let k be w(6). Let a be (-6)/(-9) + (-185)/(-15). What is the greatest common factor of k and a?
13
Let d(z) = -z**3 + 17*z**2 - 13*z + 21. Let v be d(16). Let m = 8 + v. Calculate the greatest common factor of 7 and m.
7
Suppose -3*b - 2 = -6*b + m, 0 = b - 2*m + 6. Let c be ((-2)/3)/(1/(-12)). What is the highest common factor of b and c?
2
Let x(t) = -7*t + 1. Let g be x(-3). Suppose 0 = -2*a - 4 + 16. Suppose -16 + a = -5*w. What is the greatest common factor of w and g?
2
Let j(v) = -2*v**3 + v. Let k be j(1). Suppose -5*g = -0*g + 10. Let u be ((-42)/(-4))/(k/g). Calculate the greatest common divisor of 3 and u.
3
Suppose -4*g + 100 = 4*l, 0 = 4*l - 2*g - 2*g - 76. Let a = 590 + -348. What is the highest common factor of l and a?
22
Let f(c) = 2*c**2 + c - 8. Let t be f(-4). Let i = t - 0. What is the greatest common divisor of i and 50?
10
Let l(j) = -j - 2. Let a be l(-4). Suppose 60 = a*q - n - 4*n, -q + n = -24. What is the highest common divisor of 160 and q?
20
Let u(q) = q**3 + 9*q**2 + q + 11. Let c be u(-9). Suppose -5*d + 2*h = -908, -2*d = c*h - 244 - 108. What is the highest common factor of 20 and d?
20
Let x be (14/8)/(1/68). Suppose -t + 20 = -14. Let w = t - 17. What is the greatest common divisor of w and x?
17
Let t be (35 - -1 - 4) + -4. Calculate the greatest common factor of t and 7.
7
Suppose 3*q = 0, -4*q + 3*q = r - 6. Let z be (8/(-10))/(r/(-165)). Calculate the greatest common divisor of 176 and z.
22
Suppose 2*h + 4 = 6*h. Let i(d) = 3*d - 9. Let m be i(4). Suppose -m*q + 8 = -25. What is the greatest common divisor of h and q?
1
Let r(c) = -c + 11. Let l be r(8). Suppose 0 = l*n - 14 - 22. Let b = -8 - -14. Calculate the greatest common divisor of b and n.
6
Let y(w) = w**3 + 9*w**2 - 11*w - 6. Suppose 0 = m - 7 - 14. Let k = m + -31. Let x be y(k). What is the greatest common factor of 8 and x?
4
Let h(z) = 27*z - 3. Let p be h(1). Suppose 5*r = -4*i + 35, r + 2*i - 13 = -0*i. What is the greatest common factor of r and p?
3
Let o be -51*(3/(-1) + 0). What is the highest common factor of 17 and o?
17
Suppose -3*a + 3 - 15 = 0. Let v be 2/a + (-25)/(-2). Let l be 184/10 + (-2)/5. Calculate the greatest common factor of l and v.
6
Suppose -2*a + 1 = -5. Suppose -2*t = 4*q - 20, -a*q + 64 = t + 4*t. What is the greatest common divisor of t and 56?
14
Let i(a) = a**2 - 4*a + 5. Let y be i(4). Suppose -2*m = 2*n + 10, m + y = 5*n + 24. Let v be 63*m/(-2)*4. Calculate the greatest common divisor of v and 18.
18
Let j be 24*(1 + (-1)/2). Calculate the greatest common divisor of 36 and j.
12
Let c(f) = -3*f**2 + 97*f + 38. Let y be c(32). Calculate the greatest common divisor of 14 and y.
14
Suppose 0 = -2*y + 6*y - 20. Suppose 0 = y*t - 0*t - 3*g - 82, t + 5*g = -6. Suppose 0*h - 224 = -4*h. What is the greatest common divisor of h and t?
14
Let b(f) = 30*f**2 - 5*f + 7. Let m be b(2). What is the greatest common divisor of m and 9?
9
Let q be (-351)/(-12) - (-6)/8. Calculate the highest common divisor of 10 and q.
10
Suppose -w = -r - 53, 7*w - 5*w - 127 = -5*r. Calculate the highest common factor of w and 16.
8
Let t = 6 - 4. Suppose -t*x + 220 = -66. Let f be (0/(-1))/3 + x. Calculate the highest common factor of 13 and f.
13
Suppose -3*l - 14 = -26. Suppose 12 = 2*p + l. Calculate the greatest common factor of 6 and p.
2
Suppose -5 + 15 = g. What is the highest common factor of g and 80?
10
Let f(q) = -8*q - 20. Let h be f(-5). Let n = -6 - -4. Let w(c) = -3*c**3 + c**2 - c. Let z be w(n). Calculate the greatest common factor of h and z.
10
Let v = 17 - 36. Let w = -11 - v. Let s(r) = 64*r**2. Let l be s(1). What is the highest common factor of w and l?
8
Let i = -129 - -209. Suppose -i = 5*r - 5*q, -r - 3*q = -2*r - 18. Let u = r + 27. Calculate the highest common divisor of u and 96.
12
Suppose 4*x = 0, -4*d - 2*x + 60 = -0*d. What is the greatest common factor of 3 and d?
3
Let c be 329/105 - 2/15. What is the highest common factor of 12 and c?
3
Let k = 149 - 102. Let s be k/4 - 3/(-12). Suppose -s = -a - 0. What is the greatest common divisor of 4 and a?
4
Let q(t) = -t + 9. Let n be q(-9). Suppose 27 - 3 = 2*m. Calculate the highest common divisor of n and m.
6
Let z be 164/6 + 4/6. Suppose 0 = -2*t - 2*t + 12. Suppose -2*h = j - 5*j - 40, -5*j = -t*h + 57. What is the greatest common factor of z and h?
14
Let f(z) = -9*z - 1. Let m be -1*(-3 + 1) + -3. Let h be f(m). Suppose -u - 3*i = -52, 3*u + i = 65 + 59. What is the highest common divisor of h and u?
8
Suppose -30 = -3*l - 0*w + 3*w, -21 = -2*l + w. What is the highest common factor of 77 and l?
11
Let s = 10 + 3. Calculate the greatest common factor of s and 26.
13
Suppose 3*y - 4 = 2*y. Suppose -973 = -5*p - l, 2*l - 77 + 471 = 2*p. Suppose 157 = y*i - p. What is the highest common divisor of 8 and i?
8
Let b be (-1 - (-14)/21)/(2/(-114)). What is the highest common factor of 19 and b?
19
Let c = 73 - -77. Calculate the greatest common factor of c and 15.
15
Let s = 17 - 14. What is the highest common divisor of s and 2?
1
Suppose 0 = n - 4*x + 15, -11 - 14 = -5*n - 5*x. Suppose -3*u + p = n - 15, 3*u - 2*p - 10 = 0. What is the highest common factor of u and 66?
6
Suppose -2*u + 30 = -o, u - 9 = -4*o + 6*o. What is the greatest common factor of 136 and u?
17
Suppose -2*o - 5*j + 25 = -10, -3*j + 20 = o. What is the highest common divisor of o and 45?
5
Suppose 4*l - 200 = 4*r, 6*l = 3*l - 3*r + 174. Suppose -4*f + 36 = -3*i, -i = 2*f + 2*i. Calculate the highest common factor of l and f.
6
Let a be 119/3 - (-3)/9. Suppose 1 - 11 = -5*y. Let s be 1 - (-2 - 26/y). Calculate the greatest common factor of s and a.
8
Let i(u) = -2*u**2 + 3*u**2 - 6 + 5 + u + 8*u**3. Let s be i(1). Suppose 4*p = 114 + 282. Calculate the highest common factor of p and s.
9
Let r(o) = 23*o**2 - 2*o - 1. Suppose 10 + 5 = 5*y. Let u be r(y). Let i(h) = 4*h - 4. Let v be i(6). What is the highest common factor of u and v?
20
Let n be 2/(-11) - 488/(-22). What is the greatest common divisor of 33 and n?
11
Suppose -3*b + 4*b - 5*s - 54 = 0, -b + 2*s = -39. Let h = 361 - 216. Calculate the greatest common factor of h and b.
29
Let p be ((-22)/1)/(4/(-22)). Suppose 0 = d - 5 - 6. Let k = d - 0. What is the greatest common factor of k and p?
11
Let h be 3 - (-10 + (2 - 2)). Calculate the highest common divisor of h and 117.
13
Let o = 6 + -12. Let k be 3/(-2) + (-927)/o. Calculate the greatest common factor of 17 and k.
17
Let l(x) be the second derivative of x**3/6 + 10*x**2 + 4*x. Let r be l(-14). Suppose -8*c + 36 = -r*c. Calculate the greatest common factor of c and 162.
18
Let q be (27/(-12))/(1/(-4)). Let a = 6 - 4. Suppose -3*l - a*l = -495. Calculate the greatest common factor of q and l.
9
Suppose -2*x - 224 = 10*r - 11*r, 0 = 2*r + x - 428. What is the highest common divisor of 8 and r?
8
Let j = 4 - -4. What is the greatest common factor of 40 and j?
8
Suppose -5*b = 3*w + 104, 5*b - 62 = 5*w + 58. Let u = 138 + w. Calculate the highest common divisor of 10 and u.
10
Let f = 40 + -23. Suppose 3 + f = 2*c. Suppose 3*h + 3*p + 10 = 8*h, 30 = 5*h + p. Calculate the highest common divisor of h and c.
5
Suppose 2*v - 6*v = -168. Suppose -3*x + x - 52 = -2*n, n = -3*x + v. What is the highest common divisor of 10 and n?
10
Let g = 26 - 16. Suppose t + 30 = 2*r, r + 4*t - 2*t - g = 0. Let w be 3/(2/224*3). Calculate the greatest common divisor of w and r.
14
Suppose 0*m + 355 = 5*m. Let i = m - -83. What is the greatest common factor of 14 and i?
14
Suppose 3 + 5 = 4*k. Let l(